ighest common divisor of 11431 and 59654525?
161
Calculate the highest common divisor of 7855444 and 35708.
316
Calculate the highest common factor of 76193572 and 6279.
2093
Calculate the highest common divisor of 2432924198 and 76.
38
Calculate the highest common factor of 21 and 158299764.
21
Calculate the highest common factor of 55800 and 237400.
200
What is the greatest common divisor of 3494376 and 576?
72
Calculate the highest common factor of 831436 and 935.
17
Calculate the highest common divisor of 5473582 and 2706.
82
Calculate the greatest common factor of 1540 and 32250505.
35
What is the highest common divisor of 693538332 and 7034?
7034
Calculate the greatest common divisor of 1403668 and 76.
4
Calculate the greatest common factor of 413007 and 17323026.
5817
What is the highest common divisor of 1566 and 567588?
174
Calculate the greatest common divisor of 211500 and 207.
9
Calculate the highest common divisor of 21812 and 235467.
19
Calculate the greatest common factor of 108101 and 1379.
7
What is the highest common divisor of 50776731 and 27?
9
Calculate the highest common factor of 114 and 26571048.
6
What is the highest common factor of 45 and 11907535?
5
What is the greatest common divisor of 3323835 and 11745?
11745
Calculate the greatest common factor of 2621801 and 4888.
611
What is the highest common divisor of 8147329 and 197?
197
What is the highest common factor of 43 and 759827458?
43
Calculate the greatest common factor of 219 and 1389873.
3
What is the greatest common factor of 239883 and 134106?
21
Calculate the greatest common factor of 116 and 589728021.
29
Calculate the greatest common factor of 4130 and 2615107740.
4130
What is the greatest common factor of 93913371 and 9234?
513
Calculate the highest common factor of 20827788 and 22967.
3281
What is the highest common divisor of 77 and 2216711?
7
Calculate the greatest common factor of 113774 and 271721.
163
Calculate the highest common divisor of 19875473 and 207.
23
Calculate the greatest common divisor of 1150 and 2427742.
46
Calculate the highest common divisor of 13 and 2442670022.
13
What is the greatest common factor of 7428745 and 1455?
485
Calculate the greatest common divisor of 47040 and 64086120.
5880
What is the greatest common factor of 4882605 and 4641?
273
Calculate the highest common divisor of 6262 and 6789321.
101
What is the highest common divisor of 243866466 and 1299?
1299
Calculate the highest common divisor of 140 and 20990074.
14
Calculate the greatest common divisor of 9 and 161278389.
9
Calculate the highest common divisor of 808172693 and 67.
67
What is the highest common divisor of 19308965 and 520?
65
Calculate the highest common divisor of 16686383 and 5.
1
Calculate the greatest common factor of 30571 and 1417529.
1609
Calculate the greatest common factor of 29068 and 4292431.
169
What is the greatest common divisor of 374480 and 7130?
310
Calculate the highest common factor of 48 and 136022280.
24
Calculate the highest common divisor of 604534 and 16912.
14
What is the greatest common divisor of 29 and 664665877?
29
Calculate the highest common divisor of 4292 and 253715142.
2146
Calculate the greatest common factor of 314034 and 294.
42
Calculate the greatest common divisor of 995 and 390562375.
995
What is the greatest common factor of 2 and 1101540?
2
What is the greatest common divisor of 9812 and 11256817?
2453
Calculate the greatest common divisor of 158672 and 12449.
211
Calculate the greatest common divisor of 122 and 3002542.
122
Calculate the highest common divisor of 1706724 and 8388.
36
What is the greatest common factor of 1605 and 750177?
321
What is the greatest common divisor of 157 and 24422449?
157
Calculate the highest common divisor of 1303 and 2203.
1
What is the highest common divisor of 9102 and 2349669?
123
What is the greatest common divisor of 5919762 and 64596?
4614
Calculate the highest common factor of 27847765 and 930.
155
Calculate the greatest common divisor of 44268 and 577388.
476
Calculate the highest common factor of 928 and 1399904.
32
What is the highest common divisor of 45 and 21143205?
45
Calculate the highest common factor of 381281 and 817.
43
What is the greatest common factor of 203 and 109664051?
203
Calculate the greatest common factor of 1885 and 4979390.
65
What is the highest common divisor of 4224 and 18138?
6
What is the greatest common divisor of 128514122 and 7827?
2609
What is the greatest common factor of 10375750 and 2000?
250
What is the highest common divisor of 76765 and 22295?
65
Calculate the highest common factor of 39111845 and 920.
115
What is the highest common divisor of 531366739 and 68?
17
Calculate the highest common divisor of 48 and 10393311.
3
What is the greatest common divisor of 18914 and 2294866?
98
Calculate the greatest common divisor of 3903280 and 3521.
503
What is the highest common factor of 370 and 15194975?
185
Calculate the highest common divisor of 614642 and 136814.
2042
Calculate the highest common factor of 6630 and 902265.
195
What is the greatest common divisor of 20466706 and 39?
13
What is the greatest common factor of 213891 and 23157?
249
What is the greatest common divisor of 20530847 and 631?
631
Calculate the greatest common factor of 42789 and 30.
3
Calculate the highest common factor of 18985389 and 19.
19
Calculate the highest common factor of 12336 and 124296.
24
What is the greatest common divisor of 40235 and 246334764?
8047
Calculate the greatest common factor of 346 and 2372487746.
346
Calculate the highest common factor of 12385435 and 4845.
1615
Calculate the greatest common divisor of 22691359 and 2144.
67
What is the highest common factor of 105617 and 58125?
31
Calculate the highest common divisor of 445359 and 159.
159
What is the greatest common divisor of 34768476 and 540?
36
What is the highest common factor of 1626399 and 171787?
2231
Calculate the highest common factor of 107486 and 3538564.
446
What is the highest common divisor of 6180 and 234115395?
1545
What is the greatest common divisor of 18852670 and 10?
10
Calculate the highest common factor of 1582 and 246330734.
226
Calculate the greatest common divisor of 9463027 and 147.
49
Calculate the highest common divisor of 1116 and 116523.
9
What is the highest common factor of 837 and 31920483?
93
What is the highest common factor of 411880 and 38612?
28
Calculate the highest common divisor of 2071 and 176471.
109
What is the greatest common factor of 20003436 and 2568?
1284
What is the highest common factor of 9904342 and 134?
134
What is the highest common divisor of 31040 and 2570?
10
What is the greatest common factor of 229294806 and 6?
6
Calculate the greatest common factor of 1200 and 461876400.
1200
Calculate the greatest common factor of 318 and 22661793.
159
What is the greatest common factor of 154 and 1868916?
14
Calculate the highest common divisor of 2144 and 15878866.
134
Calculate the highest common factor of 6299505 and 360.
45
Calculate the greatest common divisor of 14370701 and 121699.
929
What is the greatest common divisor of 17313 and 1509?
3
What is the greatest common factor of 1775 and 14712265?
355
What is the highest common factor of 6693700 and 5?
5
Calculate the highest common divisor of 1690114 and 354.
118
Calculate the highest common factor of 230 and 16859966.
46
What is the greatest common factor of 45158 and 10787?
67
Calculate the greatest common factor of 590 and 1784330.
10
What is the highest common factor of 1116369 and 37125?
27
Calculate the greatest common divisor of 775556 and 984.
164
What is the highest common divisor of 3757 and 5555736?
289
Calculate the highest common factor of 5439 and 10470741.
111
What is the greatest common factor of 208438 and 94874?
178
Calculate the highest common divisor of 7870 and 11506727.
787
What is the greatest common divisor of 107253 and 615478?
701
What is the greatest common divisor of 16292168 and 1317?
439
What is the highest common divisor of 29403 and 187470855?
2673
What is the highest common divisor of 385932977 and 37?
37
Calculate the greatest common divisor of 854656 and 118624.
352
What is the highest common factor of 2667 and 1479296?
889
What is the gre